{"id":168,"date":"2018-08-02T16:24:50","date_gmt":"2018-08-02T19:24:50","guid":{"rendered":"http:\/\/rafaelrabelo1.hospedagemdesites.ws\/?page_id=168"},"modified":"2019-04-27T12:07:17","modified_gmt":"2019-04-27T15:07:17","slug":"orientacoes-concluidas","status":"publish","type":"page","link":"https:\/\/rafael.rabelo.org\/?page_id=168","title":{"rendered":"Orienta\u00e7\u00f5es conclu\u00eddas"},"content":{"rendered":"<p>Orienta\u00e7\u00f5es conclu\u00eddas por grupo de pesquisa<\/p>\n<p><a href=\"http:\/\/gometaunb.blogspot.com.br\/\">GO META<\/a>: Grupo de Pesquisa em Opera\u00e7\u00f5es, Log\u00edstica e M\u00e9todos de Apoio \u00e0 Decis\u00e3o<\/p>\n<ul>\n<li>Linha de Pesquisa:\u00a0Opera\u00e7\u00f5es e Estrat\u00e9gias relativas a Tecnologias de Informa\u00e7\u00f5es e Comunica\u00e7\u00f5es para Organiza\u00e7\u00f5es.<\/li>\n<li>Trabalhos em andamento pelo grupo de pesquisa:\n<ul>\n<li>Gradua\u00e7\u00e3o, Thiago Cunha, &#8220;<em>Soft Skills<\/em> em Gest\u00e3o de Projetos \u00c1geis&#8221;. Ano de conclus\u00e3o: 2019.<\/li>\n<li>Gradua\u00e7\u00e3o, B\u00e1rbara Teixeira, &#8220;Metodologia de diagn\u00f3stico do estado de implanta\u00e7\u00e3o da gest\u00e3o de riscos em organiza\u00e7\u00f5es&#8221;.\u00a0Ano de conclus\u00e3o: 2018.<\/li>\n<li>Gradua\u00e7\u00e3o, Luis Fernando, &#8220;An\u00e1lise da evolu\u00e7\u00e3o da mentalidade de risco em Sistemas de Gest\u00e3o Integrados&#8221;.\u00a0Ano de conclus\u00e3o: 2018.<\/li>\n<li>Gradua\u00e7\u00e3o, Felipe Camargo Rosas Carneiro, &#8220;Impactos da Tecnologia da Informa\u00e7\u00e3o no T\u00eanis&#8221;. Ano de conclus\u00e3o: 2018.<\/li>\n<li>Gradua\u00e7\u00e3o, Mateus Recart Costa, &#8220;Marketing Digital em Micro e Pequenas Empresas no DF&#8221;.\u00a0Ano de conclus\u00e3o: 2018.<\/li>\n<li>PIBITI, Gabriel Tomaz Lima, &#8220;<a href=\"http:\/\/rabelo.org\/site\/projetos\/mymcda-c-decision\/\">MyMCDA-C Decision<\/a>&#8220;. Ano de conclus\u00e3o: 2018.<\/li>\n<\/ul>\n<\/li>\n<li><a href=\"http:\/\/dgp.cnpq.br\/dgp\/espelhogrupo\/7250812889463553\">Espelho do Grupo CNPQ<\/a><\/li>\n<\/ul>\n","protected":false},"excerpt":{"rendered":"<p>Orienta\u00e7\u00f5es conclu\u00eddas por grupo de pesquisa GO META: Grupo de Pesquisa em Opera\u00e7\u00f5es, Log\u00edstica e M\u00e9todos de Apoio \u00e0 Decis\u00e3o Linha de Pesquisa:\u00a0Opera\u00e7\u00f5es e Estrat\u00e9gias relativas a Tecnologias de Informa\u00e7\u00f5es e Comunica\u00e7\u00f5es para Organiza\u00e7\u00f5es. Trabalhos em andamento pelo grupo de &hellip; <a href=\"https:\/\/rafael.rabelo.org\/?page_id=168\">Continue lendo <span class=\"meta-nav\">&rarr;<\/span><\/a><\/p>\n","protected":false},"author":1,"featured_media":0,"parent":52,"menu_order":0,"comment_status":"closed","ping_status":"closed","template":"","meta":{"footnotes":""},"class_list":["post-168","page","type-page","status-publish","hentry"],"_links":{"self":[{"href":"https:\/\/rafael.rabelo.org\/index.php?rest_route=\/wp\/v2\/pages\/168","targetHints":{"allow":["GET"]}}],"collection":[{"href":"https:\/\/rafael.rabelo.org\/index.php?rest_route=\/wp\/v2\/pages"}],"about":[{"href":"https:\/\/rafael.rabelo.org\/index.php?rest_route=\/wp\/v2\/types\/page"}],"author":[{"embeddable":true,"href":"https:\/\/rafael.rabelo.org\/index.php?rest_route=\/wp\/v2\/users\/1"}],"replies":[{"embeddable":true,"href":"https:\/\/rafael.rabelo.org\/index.php?rest_route=%2Fwp%2Fv2%2Fcomments&post=168"}],"version-history":[{"count":5,"href":"https:\/\/rafael.rabelo.org\/index.php?rest_route=\/wp\/v2\/pages\/168\/revisions"}],"predecessor-version":[{"id":302,"href":"https:\/\/rafael.rabelo.org\/index.php?rest_route=\/wp\/v2\/pages\/168\/revisions\/302"}],"up":[{"embeddable":true,"href":"https:\/\/rafael.rabelo.org\/index.php?rest_route=\/wp\/v2\/pages\/52"}],"wp:attachment":[{"href":"https:\/\/rafael.rabelo.org\/index.php?rest_route=%2Fwp%2Fv2%2Fmedia&parent=168"}],"curies":[{"name":"wp","href":"https:\/\/api.w.org\/{rel}","templated":true}]}}